e?
False
Suppose d + 5 = 0, 3*f = 5*d + 4680 - 830. Suppose -5*a = 5*t - f, -6*t = -3*a - t + 749. Is a a prime number?
False
Suppose 0*z = 2*z - 2. Suppose 2*l - k - 830 = 0, 2*k + z = -7. Is l a composite number?
True
Let h(l) = -l**3 + 24*l**2 + 3*l + 3. Is h(13) composite?
False
Let d(v) = 118*v**3 - 3*v**2 + 5*v - 11. Is d(3) composite?
False
Let h be 106*2*(-7 - -8). Let n = 324 - h. Let p = n + 79. Is p a prime number?
True
Suppose 5*t - 2*j - 14445 = 0, 16*j - 15 = 19*j. Is t a composite number?
False
Is 2116 + -35 - 0/(-1) a composite number?
False
Suppose -3*l + 2*l = 1, 0 = 3*p + 3*l - 108648. Is p prime?
True
Let t(w) = 1898*w**2 - 6*w - 3. Is t(-1) prime?
True
Let s(n) be the third derivative of n**4/12 - n**3/3 + 2*n**2. Let i be s(2). Suppose i*u - 10 = 64. Is u a composite number?
False
Suppose -4*x = 3*j - 83 - 47960, -5*x + 5*j = -60010. Is x a prime number?
True
Let z(d) = -5*d**3 - 10*d**2 + 7*d + 13. Is z(-11) prime?
True
Suppose -j + 2*c + 2922 = -3*c, -5856 = -2*j - 2*c. Is j a prime number?
True
Let a be (-3 - -3)*(-5)/10 - -4. Suppose -z + 1527 = -a*p, -2*z + 3830 - 783 = -p. Is z prime?
True
Suppose -41*y = -163879 - 314058. Is y composite?
False
Let b = -328 - -71. Is (b/(-2))/((-7)/(-14)) a prime number?
True
Let o = 922 + 2221. Is o prime?
False
Let j = 16678 + 2853. Is j a composite number?
False
Suppose -4*h - 7 - 29 = 0. Let k(m) = -m**2 - m. Let q be k(2). Is 1349/3 - q/h a prime number?
True
Let t(n) = 9*n + 8. Let m be t(8). Let f = m - 126. Let s = 21 - f. Is s a composite number?
False
Suppose 4*n = 4*a + 96, -5*a + 3*a = 3*n - 57. Let c = 140 - n. Is c a composite number?
True
Suppose 12*w - 11*w - 2 = 0. Suppose -5*r - w*k + 2531 = -3060, -4*k = -12. Is r prime?
True
Suppose 591943 = -66*j + 77*j. Is j composite?
False
Suppose -247*d - 150621 = -250*d. Is d a prime number?
True
Suppose 7*q - 10 = 12*q. Let a be (-2 - q)/((-2)/1). Suppose 0 = 3*g - o - 201, o = -4*g - a*g + 268. Is g prime?
True
Let h = -3 + -11. Is (2/3)/(h/(-9849)) composite?
True
Let a be -2 - (-2786)/(-2 - -4). Suppose -4*p + 5*p - 359 = 4*z, -z - a = -4*p. Is p prime?
True
Let n = 46 - 18. Suppose n = w - 3*b, 0 = 2*b + 1 - 7. Let o = 102 + w. Is o prime?
True
Let m(u) = 6*u**3 - 4*u**2 + 10*u - 25. Is m(6) composite?
False
Let c(s) be the third derivative of s**4/24 + 5*s**3/6 + 3*s**2. Let p be c(-5). Suppose 2 = i, 2*u - 4*i + p*i = 134. Is u composite?
False
Let o be (-3)/(-3) - (2 - -12). Let r = -13 - o. Suppose r = 6*u - 4*u - 670. Is u prime?
False
Let h = 20618 - 10125. Is h a composite number?
True
Suppose 0 = 2*o - 4*r - 4998, 3*o + 6*r - 7507 = 7*r. Is o prime?
True
Let a(m) = 166*m + 23. Let z be a(8). Let o = z - 444. Is o prime?
True
Let t(q) = 60*q**3 - q + 6. Is t(3) prime?
False
Let m(j) = -3*j**3 - 1 + 6*j**2 + 5*j - j**3 + 0*j**3 + 5*j**3. Let q(z) = z**2 - 8*z + 8. Let k be q(6). Is m(k) composite?
False
Let p be (-219)/(-21) - (-9)/(-21). Suppose 6*w = p*w - 484. Is w composite?
True
Suppose 9*y - 15585 = -1194. Suppose -2*z - 5*h + 144 - 2345 = 0, 5*h = 5*z + 5485. Let q = z + y. Is q composite?
True
Let n(j) = -3*j. Suppose l + 5 + 3 = 0. Let t be n(l). Is 2/(-16) + 2667/t composite?
True
Suppose y + 5*w = -13, -7*w = -5*y - 6*w + 65. Let n(q) = -23*q**2 + 9*q - 3. Let m be n(6). Is m/(-18) + (-2)/y composite?
False
Let n(i) = -i - 6. Let a be n(-8). Suppose a*t = t + 2. Is (13/t + -3)*4 a prime number?
False
Suppose 0 = 7*c - 16 - 5. Suppose d - 3*n - 65 = n, 2*d - c*n = 155. Is d composite?
True
Let u = 22 - 21. Let c(o) = 307*o**2 + 2*o - 2. Is c(u) composite?
False
Suppose -8*z - 45 = -5*z. Let k be (-6)/z*(-30)/2. Let v = k + 57. Is v a prime number?
False
Let i(k) = -55*k**3 - 18*k**2 - 17*k - 137. Is i(-8) a composite number?
True
Let y be 30/(-10) - (-1 - -272). Let d = -472 - -1000. Let r = y + d. Is r a prime number?
False
Let l be 10 - 469 - (-1)/((-1)/(-3)). Let p = l + 1465. Is p a prime number?
True
Let f(o) = -o**3 - 12*o**2 - 22*o - 16. Let p be f(-10). Suppose x = 3*b + 554, 0 = -p*b - 2 + 6. Is x prime?
True
Let b(v) = -73 + 37 + 43*v - 15*v + 33. Is b(4) a composite number?
False
Let i(v) be the third derivative of v**6/120 + v**5/6 - 11*v**4/24 - 7*v**3/6 + 8*v**2. Is i(10) composite?
True
Suppose -5*m = 3*z - 33893, m + 0*m + 4*z - 6782 = 0. Is m a composite number?
True
Let s = -197 + 106. Let v = -159 - s. Let a = -31 - v. Is a a prime number?
True
Let j = 33079 - 10820. Is j prime?
True
Suppose -2*f = -4, 2*o - 5*f - 30 = -f. Suppose 2*u = 49 + o. Is u prime?
False
Let k = 74 + -73. Is ((-3)/6)/(2/(-2697 + k)) a composite number?
True
Suppose -m + 101 = -p, 0*p + 412 = 4*m - 2*p. Let d = m + 8. Is d a prime number?
True
Suppose 0 = 3*z + 15, -2*z + 1 = 2*w + z. Let f(v) = w*v - 6 + 3 + 14 + 2*v**2. Is f(8) a composite number?
True
Suppose -4*t - 46 = -3*r, -2*t + 30 + 2 = 4*r. Is 5624/r + (-12)/(-20) prime?
True
Let j(q) = -7*q**3 - 15*q**2 - 22*q - 23. Is j(-8) a composite number?
False
Suppose 5*t = 5*s - 36765, -2*s + 189*t = 190*t - 14694. Is s composite?
False
Let c(m) = -390*m - 1. Let a be ((-4)/(-3) + -2)/(10/15). Is c(a) prime?
True
Let m(q) = 17*q**2 + 40*q + 55. Is m(-18) a composite number?
True
Suppose -7 = 3*c - 5*w + 8, 2*c + 4*w = 12. Let r = c + 4. Is (-1 + -37)/(r/(-6)) a prime number?
False
Let t(p) = 4*p**3 - 2*p**2 - 2*p - 1. Let f be t(-1). Let v be (-2 - (-1)/1)*f. Suppose 0 = v*o + d + d - 443, -4*o - d + 355 = 0. Is o prime?
True
Is ((-34)/10)/((-19)/2185) composite?
True
Let l(y) = y**3 + 9*y**2 + 5*y - 3. Suppose 0 = 2*w + 5*d + 39, 0*w + 4*d - 1 = 3*w. Let s = -15 - w. Is l(s) prime?
False
Let n(f) = 165*f + 9. Let d be n(7). Suppose 0 = -v - 9 + 10. Is v/(2 - d/584) a prime number?
False
Let k(j) = 2*j - 12. Let t be k(8). Suppose -3*b - 1 = -t. Is ((95 - -1) + b)/1 prime?
True
Let o be 26/10 + (-2)/(-5). Let g be 2 - (0 + -2 - -2). Suppose -5*v - 2*b - g = -36, -o*b + 12 = v. Is v composite?
True
Suppose 5*k = -j + 1518, 0 = -k - 0*k + 3. Suppose 5*l = 2*l + j. Is l a composite number?
True
Let h(j) = j + 11. Let i be h(-11). Let r(s) = -s**3 + s**2 + s + 76. Let p be r(i). Suppose 0 = 4*d - 2*b - 214, 7*b = d + 2*b - p. Is d composite?
True
Let y(m) = -1980*m + 41. Is y(-5) a prime number?
True
Suppose 3*q = 8 - 62. Let w be (-14841)/q + (-2)/(-4). Let t = -478 + w. Is t prime?
True
Suppose 0 = -40*t + 62*t - 613162. Is t a composite number?
True
Let n(u) = -u**3 + 20*u**2 - 134*u + 3. Is n(-26) prime?
True
Let w(s) = 1740*s**2 - 24*s - 73. Is w(-3) a composite number?
True
Suppose -5*f - 911 = -s, 5*s - 3661 = s + 3*f. Let g = s - -367. Is g a prime number?
True
Is (-5)/(5 + 0)*-15653 composite?
True
Is ((-4)/(-6))/(-5 + 188807/37761) a prime number?
False
Let o = 12107 + -6940. Is o a prime number?
True
Suppose 3*i - 1541 = -2*w, i + 3*i + 3*w - 2056 = 0. Is i composite?
True
Let c(g) = -g**2 - 4. Let a be c(0). Let l be (-117)/12 + 1/a. Let j = -3 - l. Is j composite?
False
Suppose -5*u + 3*u = -950. Let h = -212 + u. Is h a composite number?
False
Let u = -7488 - -10483. Is u a composite number?
True
Let v(y) be the second derivative of -y**5/20 - 5*y**4/6 - 3*y**3/2 - 3*y**2/2 - 6*y. Let m be v(-9). Is -3*(52/(-12) + m) composite?
True
Suppose 2*l + 9950 + 12004 = 3*n, 0 = -3*n - 3*l + 21954. Is n a prime number?
False
Let l(q) = -265*q - 29. Let z = 63 - 69. Is l(z) a composite number?
True
Let u = 10 + -7. Suppose 8 = -u*t + 5*t. Suppose t*v = 692 + 2888. Is v a composite number?
True
Suppose 2*g = 397 + 601. Suppose 5*j - g = 156. Is j a composite number?
False
Let j = -33802 + 87511. Is j composite?
True
Let k(a) = a**3 - 15*a**2 + 15*a - 12. Let h be k(14). Let i = 0 + h. Suppose -90 + 16 = -i*j. Is j composite?
False
Let p be (1 + -4)/3 + 3. Let g(d) = 5*d - 16*d + d**p + 0*d**2 + 11. Is g(13) a prime number?
True
Is 33/99*(49857 - 0/1) a composite number?
False
Suppose 2715 = 31*w - 850. Is w a prime number?
False
Suppose 14456 = 3*b - 5*i + 3393, 3*i - 7388 = -2*b. Is b a prime number?
True
Is ((-24028)/(-8))/(-5 + (-11)/(-2)) prime?
True
Let u(q) = 21*q - 78. Let j be u(4). Let d(x) = 7 - 5*x - x**2 + 6*x + 5*x**2. Is d(j) a prime number?
True
Let j(i) be the third derivative of 5/24*i**4 + 0*i + 0 + 6*i**2 + 4/3*i**3. Is j(5) prime?
Fals